 is divided by t.
2
Suppose 3*a + 13*w - 1138 = 11*w, 5*w - 25 = 0. What is the remainder when a is divided by 21?
19
What is the remainder when 91 is divided by 29 - 10/(-8 + 3)?
29
Suppose -3*o + 3 = -a - 2*a, 0 = o - 4*a + 5. Suppose -3*q + 81 = -3*k + 5*k, -144 = -3*k + o*q. Let b = -23 + k. What is the remainder when b is divided by 8?
6
Let w be (-6*(-3 - -4))/(-2). Calculate the remainder when ((-1)/w)/((-1)/12) is divided by 3.
1
Suppose -2*k = 3*h - 2, 5*h - 4*k - k + 5 = 0. Suppose 2*q + h*q = 6. Let v = -25 - -32. Calculate the remainder when v is divided by q.
1
Let p = 77 + -54. Let g = 75 - 69. Calculate the remainder when p is divided by g.
5
Suppose 4*g - 94 = 5*c, 0*c + 25 = g - 2*c. Suppose -2*s + g = 2*k + 1, 4*k = 4*s + 24. What is the remainder when 14 is divided by k?
6
Let k = -1 - -1. Suppose c + 0*c + x = 9, -5*c - 4*x + 45 = k. What is the remainder when (-242)/(-14) + 2/(-7) is divided by c?
8
Suppose 5*u - 2*c - 7 = 0, 3 - 15 = -3*c. Let r = u - -1. Suppose 7*y - 69 = r*y. Calculate the remainder when y is divided by 12.
11
Let j = -21 - -34. Calculate the remainder when j is divided by 4.
1
Let m(q) = 3*q - 4. Suppose o - 25 = -n, 5*o + 4*n - 165 = 9*n. What is the remainder when o is divided by m(4)?
5
Suppose -2*n - 3*j + 90 = 2*j, 5*n - 206 = -3*j. Calculate the remainder when n is divided by 15.
10
Suppose 5*b - 12 - 8 = -3*n, -b - 18 = 5*n. What is the remainder when 24 is divided by b?
3
Let d = 253 - 180. Let t = 65 + -50. What is the remainder when d is divided by t?
13
Let b(a) = -3*a + 62. Let t be b(23). Let l be (0 - 1)/(1/(-11)). Let c = t + l. Calculate the remainder when 10 is divided by c.
2
Let x be (-2)/3 - 15/(-9). What is the remainder when (-1)/(49/25 - 2) is divided by x + 1 + 0 - -7?
7
Suppose -2*b - x = -4*b + 7, x = -3*b + 18. What is the remainder when 6 is divided by b?
1
Suppose 0 = -3*u + 3*k + 66, -u + 30 = 4*k - 3*k. Calculate the remainder when u is divided by 43/3 - (-1)/(-3).
12
Let u(y) = 14*y - 2*y + 1 + y**2 + 1. Let n = -4 - -8. What is the remainder when n is divided by u(-12)?
0
Let m(c) = 17*c**2 - c. Let k(o) = -10*o - 6. What is the remainder when k(-4) is divided by m(-1)?
16
Let i(g) = g**3 - 3*g**2 - 2*g - 2. What is the remainder when 47 is divided by i(4)?
5
Let k(w) = w**3 + 6*w**2 - 4*w - 4. Calculate the remainder when k(-5) is divided by 22.
19
Let z(k) = 6*k - 1. Let f = -3 + 10. Calculate the remainder when z(f) is divided by 21.
20
Suppose -149 = -8*z + 75. Calculate the remainder when 111 is divided by z.
27
Let j = 19 - 14. What is the remainder when j is divided by 2?
1
Let b = 3 - 4. Let c = b + 3. Suppose -h = c*h - 129. What is the remainder when h is divided by 15?
13
Let o = 51 - 34. What is the remainder when o is divided by 5?
2
Let b(w) = -7*w - 1. Let z be b(-1). Suppose 8*q - 50 = z*q. Calculate the remainder when q is divided by (6/4)/((-2)/(-12)).
7
Let f = -1 + 2. Let x(a) = -a**3 - 5*a**2 + 5*a - 4. Let i be x(-6). Suppose o + 0*o - 2 = 0, -i*o + 1 = -3*h. Calculate the remainder when h is divided by f.
0
Let n(b) = 20*b. Let r be n(1). Let l = -5 - -7. Suppose -4*q = -l*q - p - 16, -4*q - 4*p = -r. What is the remainder when 20 is divided by q?
6
Let s(w) = -102*w**3 + w**2 - w. Let f be s(1). What is the remainder when 48 is divided by ((-2)/3)/(4/f)?
14
Let q = 18 + -6. Calculate the remainder when q is divided by 6.
0
Let x = 7 - 9. Calculate the remainder when 29 is divided by (-4 - 0)/(x/8).
13
Suppose 5*k - 3*d - 18 = d, 0 = -2*k + 5*d - 3. Calculate the remainder when 52/k + (-24)/36 is divided by 2.
0
Suppose g + 1 = 2*g. What is the remainder when 3 is divided by g?
0
Suppose 3*h = -5*p + p + 5, 15 = 4*p + h. Suppose 0 = -p*j + 83 + 47. Calculate the remainder when 51 is divided by j.
25
Suppose g - 4*g = -12. Suppose g*s + 0*b + 2*b = 130, -b = -3*s + 95. Calculate the remainder when s is divided by ((-2)/(-4))/(3/66).
10
Let x be (-8)/(-12) + 28/(-6). What is the remainder when (15/(-12))/(1/x) is divided by (3/(-6))/(2/(-12))?
2
Suppose -s + 0 = -2. Suppose -3*j + s*j + 2 = 0, 5*c = -j - 43. Let y = 2 - c. Calculate the remainder when y is divided by 6.
5
Let i(v) = -14*v**3 - v. Let l be i(1). Let x = 3 - l. What is the remainder when x is divided by 11?
7
Let s = 51 - 40. Calculate the remainder when 32 is divided by s.
10
Suppose 0 = i - 5*i. Suppose 2*w - 18 - 16 = i. What is the remainder when 65 is divided by w?
14
Let x = 31 + 8. Calculate the remainder when x is divided by 21.
18
Suppose 0 = p - 7 - 7. Calculate the remainder when p is divided by 3.
2
Suppose -36 = -3*r + 3*p, -32 = r - 3*r + 4*p. Calculate the remainder when 63 is divided by r.
7
Suppose -g + 174 = 4*z - 3*g, z + 5*g = 27. What is the remainder when 82 is divided by z?
40
Let a(v) = 14*v**3 - v**2 - 2*v + 2. Calculate the remainder when 22 is divided by a(1).
9
What is the remainder when 17 is divided by 2/(-5) + (2808/(-30))/(-9)?
7
Let b = 17 + -31. Let o = b + 24. Suppose 3*x - 3 = 9. Calculate the remainder when o is divided by x.
2
Let g(w) = w**3 - 4*w**2 + 3*w - 9. Calculate the remainder when 20 is divided by g(4).
2
Let x = -68 - -142. Calculate the remainder when x is divided by (-3)/(-6) - 148/(-8).
17
Calculate the remainder when (-26)/(-8)*(14 - 6) is divided by 15.
11
Suppose -11*k = -4*k - 49. What is the remainder when k is divided by 2?
1
What is the remainder when (34 - (4 - 2))/2 is divided by 9?
7
Suppose 508 = -0*a + 4*a. Calculate the remainder when a is divided by 32.
31
Let h be (-4 + 2 - 0) + 2. Let b be (-1 + 1 + h)/1. Calculate the remainder when 23 is divided by 9 + (b - -2) - -1.
11
Let l = 3 - 1. Suppose -2*q = q - 57. Let f = q + -15. Calculate the remainder when f is divided by l.
0
Suppose 0 = 5*k - 13 - 92. Let g be (-102)/24*-2*2. Suppose 5 = -4*h - 3*w + g, -5*h = 4*w - 14. Calculate the remainder when k is divided by h.
3
Let i = 23 + -13. Let k = 190 - 161. Calculate the remainder when k is divided by i.
9
Let x = -24 + 43. Calculate the remainder when 73 is divided by x.
16
What is the remainder when 35 is divided by (-7 - -43)*3/9?
11
Let h(i) = -3*i - 7. Let d = 3 - 10. Calculate the remainder when -3 + -3 + 4 + 43 is divided by h(d).
13
Suppose -5*x + 2*z = -108, -4*z + 20 = 2*x + z. What is the remainder when 38 is divided by x?
18
Let i(n) be the first derivative of n**4/4 - 11*n**3/3 - 5*n**2 - 9*n + 7. What is the remainder when i(12) is divided by 5 - 2/4*2?
3
Let h be (1 + 0)*-9*1. Let v = 16 + h. What is the remainder when 25 is divided by v?
4
Let c(v) = v**2 - 19*v + 17. Calculate the remainder when c(20) is divided by 8.
5
Let w(f) = -f + 12. Let t(g) = 11*g**2 - 3*g + 2. Let z be t(2). Suppose z = 2*n + 14. Calculate the remainder when n is divided by w(5).
6
Suppose 7 = -0*q + q. Suppose 4*h = i - 35, -37 = -2*i - i - 5*h. Calculate the remainder when i is divided by q.
5
Suppose 3*j - 5 = 4. Calculate the remainder when 8 is divided by j.
2
Suppose -21 = -5*i - 3*d + 71, 4*i - 5*d = 44. Suppose -2*c + 6*c = i. Suppose 5*o - 22 - 13 = 0. Calculate the remainder when o is divided by c.
3
Suppose -2*x + 37 = -5. What is the remainder when 54 is divided by 3/(18/8)*x?
26
Calculate the remainder when (2/2)/(2*(-6)/(-3108)) is divided by 20.
19
Suppose 12*r - 7*r - 80 = 0. What is the remainder when r is divided by 9?
7
Let u(o) = 10*o - 8. Let v be u(6). Let p = -32 + v. Let w = -72 - -130. Calculate the remainder when w is divided by p.
18
Let f = 22 + -19. Calculate the remainder when 7 is divided by 5 - (f + (2 - 5)).
2
Suppose -10*v + 11 = -159. Suppose s = -s + 58. What is the remainder when v is divided by 4/(-6) + s/3?
8
Suppose -u - 4 = -21. Suppose 0 = -3*a - a + 128. What is the remainder when a is divided by u?
15
Suppose -3*z = z - 200. Let d = 7 - 11. Let l(o) = 2*o**2 + 4*o + 1. Calculate the remainder when z is divided by l(d).
16
Suppose -2*i = -3*i - 4. Calculate the remainder when 44 is divided by (-2)/3*138/i.
21
Suppose -6*n = -7*n + 12. Calculate the remainder when 214 is divided by n.
10
Let z be ((-28)/(-8) - 4)*-38. Let h = -5 + z. Let v = -26 + 53. What is the remainder when v is divided by h?
13
Let j(n) = 17*n**2 + 3*n. Let d be j(-2). Let z = -39 + d. Let b = -11 - -19. Calc